 - -11. Let r = -1 - q. Suppose -3*g + 1162 = -g - r*d, 5*d - 607 = -g. Is g a prime number?
True
Let x = -1588 - -2987. Is x composite?
False
Let y(v) = 201*v - 50. Is y(11) a prime number?
True
Let a(v) = -v + 10. Let u be a(5). Let b be 2/u - (-34416)/60. Let n = 891 - b. Is n composite?
False
Suppose 0 = 2*u - 2*k - 8306, 3*u = -u - 4*k + 16572. Suppose 3*w + 5*l - u = 0, 0 = -2*w - 5*l + 1896 + 871. Is w a prime number?
True
Let i(p) = 7*p**2 + 7*p - 1. Suppose 0 = -5*q - 0*q. Let o(s) = -s + 6. Let a be o(q). Is i(a) a composite number?
False
Suppose 15*u + 2039 = 16*u. Is u a prime number?
True
Let s(f) = -f**3 - 8*f**2 - f - 140. Is s(-18) a composite number?
True
Let a(z) = 885*z**2 + 25*z - 1. Is a(3) prime?
True
Suppose 0 = x - b - 9, -x - 4*b + 47 - 13 = 0. Let d(i) = 4*i - 7. Let r(g) = g. Let l(n) = d(n) + 2*r(n). Is l(x) composite?
True
Let y(u) = -992*u + 171. Is y(-7) a prime number?
False
Suppose 0 = 3*r - r. Let s(f) = -f + 10. Let o be s(r). Let g(w) = 11*w + 3. Is g(o) composite?
False
Let w = 9039 + -2497. Is w a prime number?
False
Let k be (-1458)/13 + 2/26*2. Is 62086/14 + -8*4/k a prime number?
False
Let p = -7759 + 19836. Is p prime?
False
Let k = -51440 + 89701. Is k a composite number?
False
Let s = -1 - -5. Suppose 0 = s*j - 5*x + x + 64, j = -5*x - 34. Is (3 - (j - -3)) + 0 a composite number?
False
Suppose 2*d - 10 = -3*d. Suppose d*s - 1673 = -315. Is s prime?
False
Let k = 11550 - 6169. Is k a prime number?
True
Suppose -7*z + 11*z - 2*y + 14 = 0, z + y = -11. Let w(t) = -3*t**3 - 1 + 7 - t**2 - 4*t - 1. Is w(z) a composite number?
False
Is 2/17 + 25107/17 composite?
True
Let l = 1984 - -451. Is l a prime number?
False
Suppose -29 + 5 = -4*b. Suppose -a - a + b = 0. Suppose 0 = -2*c - 3*c + 3*g + 491, 4*g - 283 = -a*c. Is c a composite number?
False
Let k(z) be the second derivative of z**4/12 + z**3/3 - 3*z**2/2 - 3*z. Let r be (1/3)/(1/12). Is k(r) a prime number?
False
Let f(i) = 354*i**2 + 14*i - 17. Is f(-7) a prime number?
True
Let v(s) = s - 1. Let j be v(-9). Let q = j - -3. Let r(y) = -y**3 - 4*y**2 - y + 9. Is r(q) prime?
True
Let r(w) = -3061*w + 79. Is r(-4) prime?
True
Let w be 101/2 + 15/10. Suppose -3*t + 2*r = w, 2*r = -4*t - 0*r - 46. Is (-2)/(-4) + (-4627)/t a prime number?
True
Let v(y) = y**2 + 30*y + 138. Is v(-26) composite?
True
Let c be ((-6)/(-8))/((-4)/(-16)). Suppose c*j = 4*d - 22, -5*d = -4*j + 3*j - 11. Let g(k) = -k**3 - 4*k**2 - 2*k - 5. Is g(j) prime?
True
Let x = -40 + 42. Suppose -6*q + x*q - 3*w = -1577, -q + w = -396. Is q composite?
True
Let f(p) = -p**3 + 10*p**2 - 8*p + 12. Let h be f(9). Let b be (36/h)/((-4)/(-14)). Suppose -g + 2*i = -b*g + 271, -g - 5*i + 68 = 0. Is g composite?
False
Suppose 0 = -5*v + 19*v - 189602. Is v composite?
True
Let a be 53/((4/5)/4). Suppose z - 6*z = -5*q - a, q = -3*z + 143. Is z composite?
True
Suppose 0 = -3*w + 15, -2*a + 883 = a + 5*w. Let b = a - 193. Is b composite?
True
Suppose -327*d = -332*d + 432545. Is d prime?
True
Let m = -1 - 0. Suppose -21 = 3*p - 12. Is -13*m/(-1)*p prime?
False
Let h(y) = -3*y**3 + 10*y**2 + 18*y - 8. Let j be h(10). Let o = j - -3549. Is o composite?
False
Let g = 6013 + 3090. Is g a prime number?
True
Suppose -2*c - 18*b + 754 = -15*b, 2*b - 1508 = -4*c. Is c prime?
False
Suppose 0 = -23*r + 21*r + 4. Suppose 578 - 1464 = -r*n. Is n composite?
False
Let b(i) = i**3 - i. Let g(c) = 55*c**3 - c - 1. Let h(t) = -2*b(t) + g(t). Is h(1) a composite number?
False
Suppose 0 = 6*o - o. Suppose o = t - c + 6*c + 5, 2*c = -6. Is 422*(-2 - t/(-4)) a composite number?
False
Suppose 2*b = 4*f + 33410, -b + 44*f = 45*f - 16720. Is b prime?
False
Let w = 18818 - 11053. Is w a composite number?
True
Let p(h) = -h + 7. Suppose 2*i = 10 - 2. Let d be p(i). Suppose d*a + 573 = 6*a. Is a a composite number?
False
Let h = 5 + 3084. Is h composite?
False
Let a be 716*(1 + 2/(-8)*-4). Let x = a - -45. Is x a prime number?
False
Is 8 - (-5)/15*10167 composite?
True
Let x(o) = o**2 - 6*o - 5. Let f be x(5). Is ((-358)/f)/((2/5)/2) a composite number?
False
Let d be (56/(-6))/(2/6). Let c = -26 - d. Suppose -n - 253 = -c*n. Is n prime?
False
Let k = -1118 + 527. Let n = 1496 + k. Is n a prime number?
False
Suppose -12 = -4*h, 0*j + h = -4*j - 21. Let b be (j - -5)/((-1)/(-137)). Let l = 214 + b. Is l composite?
True
Let y(x) = 7*x**2 + 4*x + 2. Let v be (-3)/12 - 58/(-8). Is y(v) a prime number?
True
Suppose -2*y + 110 = q, -3*y = q - 0*q - 167. Let a(i) = 28*i + 10. Let d be a(-5). Let l = y - d. Is l composite?
True
Let p(g) = 35*g + 3. Let w be (-16)/(-6) + (-4)/(-12). Let f be (w - 19)/4 + 8. Is p(f) prime?
False
Let c = 6747 - 3968. Suppose 3*x + c = 10*x. Is x a composite number?
False
Let d(r) = -802*r - 115. Is d(-14) a prime number?
True
Let r = 11 + -5. Suppose 0 = 4*z - r*z. Suppose z = -0*v - v - 5*u + 74, 3*v - 168 = 3*u. Is v composite?
False
Let u be 4/3 - (-22)/6. Suppose -u*m + 3*s + 5612 = 0, 3*m + 2*s - 3372 = -s. Is m a composite number?
False
Let r = 26 - 23. Let f be (r/6)/(6/1812). Suppose -5*s = 3*c - s - f, 4*c - 3*s = 218. Is c a composite number?
False
Let k(y) = 2502*y - 55. Is k(3) a composite number?
False
Suppose -4*t + 2*r + 3 = -3, -5*r = -15. Suppose 0 = u - 1, 582 = p + t*u + 74. Is p a composite number?
True
Suppose 3*a = 4*x - 115, 4*x = 8*x + 5*a - 139. Let z = x - 2. Let k = 4 + z. Is k a prime number?
False
Let g = 214 + -143. Suppose -y = 4*w - 149, g = 4*w + 4*y - 81. Is w composite?
False
Let z be (-2)/10 - (-55)/25. Suppose 2148 = -z*l + 6*l. Is l a composite number?
True
Let d(s) = 7*s - 4*s**2 + 15 - 9 - 4*s**2 - 2*s + s**3. Let j be d(7). Is (-110)/(-2) + j/(-4) composite?
True
Let d(n) = 20*n**2 - 2*n - 1. Is d(-7) a composite number?
True
Let q(m) = 30*m + 227. Is q(12) a prime number?
True
Suppose -91 + 190 = a. Suppose 3*k + a = 3*c, -3*c + 99 = 3*k - 5*k. Is c composite?
True
Let w(c) = 135*c**2 + 9*c + 9. Let x(p) = 136*p**2 + 8*p + 8. Let q(y) = -3*w(y) + 4*x(y). Is q(5) a prime number?
False
Let b(w) = -w**3 - 9 - 7*w + 0*w**3 - 6*w**2 + 16*w**2. Is b(6) prime?
False
Suppose 0 = -3*a - 5*t + 14398, 50*t = 3*a + 53*t - 14400. Is a composite?
False
Let v = -32 - -36. Suppose -k + 3355 = 3*s - 0*s, v*s - 4488 = -5*k. Is s a composite number?
False
Let y(v) = 113*v**2 - 2*v + 1. Let f be y(1). Let s be f/(-20) + 2/(-5). Let c(z) = -z**2 - 9*z - 7. Is c(s) prime?
True
Let r = 31946 + -5349. Is r prime?
True
Let j = 864 - 197. Is j a composite number?
True
Let w(u) = u**2 - 19*u - 17. Let n be w(22). Let v = n + -42. Is v composite?
False
Suppose -7*w + 0*w = -w. Suppose -10*x + 25*x - 84945 = w. Is x a prime number?
False
Let s(x) = 1119*x + 7. Is s(2) composite?
True
Suppose -3*t - 4*h - 57084 = -7*t, -4*h + 57100 = 4*t. Is t prime?
False
Let x = -17 + 19. Suppose -z + x*n = -114, z + 4*n - 62 - 40 = 0. Let v = z - -21. Is v composite?
False
Is -3 - -7 - (-16 - 36273) composite?
False
Let c = 3739 + -1790. Is c a prime number?
True
Let k(p) = 25*p**2 - 7*p + 1. Let i be 1/(-5) + (-32)/(-10). Let x(y) = y**2 + y. Let w(t) = i*x(t) + k(t). Is w(-3) a prime number?
False
Let l(p) be the second derivative of p**5/20 - p**4 + p**3/2 - 3*p**2 + 4*p. Let a be l(5). Let u = 397 - a. Is u composite?
False
Let t = 9830 - 5244. Is t a composite number?
True
Let q = -22 - -26. Suppose 2*i = 3*m - q, -2*m + m = 3*i - 16. Suppose 4*s - 797 = -3*x, -2*x - i*s = -757 + 223. Is x composite?
False
Let y(u) = -23*u - 7. Let j(z) = -23*z - 6. Let h(s) = -2*j(s) + 3*y(s). Let v be h(-4). Suppose v = 5*t - 352. Is t a prime number?
False
Let t be (2 - -15)*(-3 + 4). Suppose 12*m + 435 = t*m. Is m a prime number?
False
Is (-9)/(8 - 17) + 3958 a prime number?
False
Let c(x) = 89*x - 9. Let p be 7 + (4 + -5 - 1). Suppose -p*f = -3 - 37. Is c(f) composite?
True
Let l(v) = -v**3 - 11*v**2 - 6*v + 13. Suppose 3*w - 5*w = 28. Is l(w) prime?
False
Let v = -3227 - -7798. Is v a composite number?
True
Suppose -3*c - 11 = 16. Let a = -5 - c. Suppose 93 = a*p - 0*p - k, -p = -5*k - 28. Is p a prime number?
True
Let d(b) = -2*b**2 + 10*b - 1. Let n be d(5). Is 2/((-2 - 0)/n)*89 a prime number?
True
Let v(m) = -2*m**2 + 3*m**2 + 2*m + 14*m - 13 - 2*m**2. Let l be v(15). Let x(g) = 37*g**3 + 3*g**2 - g + 1. I